33
Let n = -16 - -22. Let u(k) = k**3 - 12*k**2 + 32*k - 39. Let i be u(9). What is the greatest common divisor of n and i?
6
Let o = -6 + 14. Let y(w) = -w**3 + 10*w**2 - 5*w. Let m be y(o). Suppose -3*f + 16 = 2*a, 33 - 31 = -f. What is the highest common factor of m and a?
11
Suppose i = 3 + 46. What is the highest common divisor of i and 35?
7
Let f = 1424 - 1092. Calculate the highest common divisor of f and 4.
4
Let v = -10 - -48. Suppose -3*y + 37 = -v. Calculate the highest common divisor of 50 and y.
25
Suppose -75*i + 55*i = -3780. Calculate the highest common divisor of i and 108.
27
Suppose 0 = 3*o + 3*v - 51, 3*o = -2*o + 4*v + 94. Let f be (-2)/(-7) + 356/28. Suppose f*j = o*j - 250. Calculate the highest common divisor of j and 25.
25
Let j(d) = -344*d - 253. Let b be j(-3). What is the greatest common divisor of b and 164?
41
Let k be 36/45 + (-20778)/(-15). Suppose -2*s = 4*s - k. Suppose 17 = 2*d - 25. What is the highest common factor of s and d?
21
Let y(m) = 2*m**3 - 11*m**2 - 3*m + 13. Let o be y(5). Suppose 0 = -2*k + 60 + 24. Let t = o + k. Calculate the highest common divisor of 105 and t.
15
Let y be 350/4*(672/10)/14. Calculate the greatest common factor of 1155 and y.
105
Let x(w) = -w**3 + 22*w**2 - 43*w + 62. Let i be x(19). What is the greatest common factor of 8 and i?
8
Suppose 0*l + 3*l = 0. Suppose 5*m + a = 6*m - 13, l = -2*m + 4*a + 34. Suppose -10*i + 10 = -m*i. What is the highest common divisor of i and 50?
10
Let t(p) = -2*p + 50. Let g be t(-5). Calculate the highest common divisor of 140 and g.
20
Let z(c) = 2*c - 73 + 66 + 92*c. Let p be z(3). Calculate the greatest common divisor of p and 25.
25
Let r = -13 - -68. Let g be ((-60)/(-25))/6*r. Calculate the highest common factor of g and 55.
11
Let j(u) = -u**3 + 8*u**2 - 11*u - 4. Let p be j(8). Let l = 103 + p. Calculate the highest common factor of 44 and l.
11
Suppose 4*r - 30 - 10 = 0. Suppose 4*k = 26 + r. Let b(d) = -d**2 + 8*d + 15. Let w be b(k). What is the greatest common factor of w and 4?
2
Let u(l) = 5*l - 97. Let j be u(22). Calculate the greatest common divisor of j and 104.
13
Let r = 1760 + -1450. What is the greatest common divisor of r and 15?
5
Let f = 0 + 8. Let z = f + -6. Suppose -z*i + 50 = 3*i. Calculate the greatest common factor of 5 and i.
5
Let x = 888 - 280. Calculate the greatest common factor of 76 and x.
76
Let o(t) = -181*t - 403. Let u be o(-7). What is the highest common divisor of u and 64?
32
Suppose -96 = 4*b + 3*s, -s - 3*s + 124 = -4*b. Let d = b + 48. Let g = -211 - -295. What is the highest common divisor of d and g?
21
Let y = 3541 + -3535. Suppose -5*z + 40 = 4*i, -62 = -2*z + 5*i - 13. Calculate the greatest common divisor of y and z.
6
Suppose 3*s = 6 - 0. Suppose 0 = -s*o - o + 24. Let r be (0 - -3)/(-9 - (-105)/10). What is the highest common factor of o and r?
2
Suppose 3*a - 56 = -2*m, 122 = -5*a + 4*m + 186. Let c be (-3 + 1)*(-32)/2. Calculate the greatest common factor of a and c.
16
Suppose 1216 = 2*f + 4*x, 0 = -2*f + 3*f + 4*x - 610. What is the highest common factor of f and 6?
6
Let b = 10 - -8. Let y = -12 + b. Calculate the highest common factor of y and 6.
6
Let k(m) = -54*m - 135. Let t be k(-27). What is the greatest common divisor of t and 27?
27
Let n be 312/(-32)*32/6. Let m = n + 66. What is the greatest common factor of m and 154?
14
Suppose -d + 0*d + 647 = 0. Let q = -167 + d. Suppose 9*a - q = 5*a. What is the greatest common factor of a and 15?
15
Let w = -5 + 9. Let z be (5 + -15)*2/w. Let f = 16 + z. Calculate the greatest common divisor of 77 and f.
11
Let l = -153 + 201. Calculate the greatest common factor of l and 60.
12
Suppose 4*z - 8*z + 56 = 0. Let y(w) = w**2 + 14*w + 42. Let h be y(-12). Let b = h - z. Calculate the greatest common factor of 12 and b.
4
Let f = 244 + -85. Suppose -40*q = -41*q + f. Calculate the highest common factor of q and 53.
53
Suppose 4*j + 792 = 22*j. Calculate the greatest common divisor of j and 154.
22
Let c be (-5)/(1/(0 + -1)). Suppose 5*d + 29 - 8 = -4*g, 0 = 3*d + 5*g + 23. Let o be (14 - 9)/(d - -2). Calculate the highest common divisor of o and c.
5
Let d be ((-172)/(-5))/(((-220)/50)/(-22)). Calculate the greatest common factor of 5332 and d.
172
Suppose r + 2*x - 12 = 0, -4*r + 26 = 4*x - 6. Suppose r*y - h + 121 = 0, y + 2*h = -y - 48. Let d = y - -51. What is the greatest common factor of d and 55?
11
Let f = -8 + 18. Suppose -4*r + f = -3*i - 0*i, 5*r + 1 = -3*i. Let q(z) = 2*z**2 + 2. Let u be q(i). What is the greatest common divisor of 5 and u?
5
Let s be (-2 - 1)*102/(-2)*1. Let h(z) = 2*z + 2. Let l be h(-4). Let i(a) = a**2 + 4*a + 5. Let g be i(l). Calculate the greatest common divisor of s and g.
17
Let w = 506 + -315. Let q = w - 128. Calculate the highest common factor of q and 9.
9
Let c(f) = -f**2 - 30*f - 12. Let q be c(24). Let u be 6/(-27) + q/(-54). What is the greatest common factor of u and 24?
24
Let m be 12/18 + (-223)/(-3) + -2. Let p = m + -71. What is the greatest common factor of p and 12?
2
Suppose -2 = 3*z - 11. Suppose -4*n + 12 - 4 = 0. Suppose -4*k = -n*k - 60. Calculate the greatest common factor of z and k.
3
Let g be (-110)/(-25) + -5 + 308/5. Let h = 1517 - 968. Calculate the highest common divisor of h and g.
61
Let a = 182 + -133. What is the highest common divisor of a and 56?
7
Let n = -873 + 1451. What is the greatest common factor of n and 34?
34
Suppose 0 = 11*r + 1821 - 14570. Calculate the greatest common factor of 183 and r.
61
Let i(x) = -x**2 + 34*x - 231. Let s be i(24). Calculate the highest common divisor of s and 981.
9
Suppose 3*d - 33 = 3*o - 0*o, 0 = d + 2*o - 14. Suppose -5*q = -q - d. Suppose 3*v - 135 = -l - 2*l, l = q. Calculate the greatest common divisor of 7 and v.
7
Suppose -h - 3*h + 52 = 0. Suppose 0 = s - h - 13. Let q be 130/4*(-24)/(-12). Calculate the greatest common factor of q and s.
13
Suppose -8*i - 2169 = -9*i + 4*h, -i - 3*h + 2176 = 0. What is the highest common factor of 106 and i?
53
Let l = 15 - -1. Let d be 2 + 3 + (1 - 2). What is the greatest common factor of l and d?
4
Let u be 4/16 + (-221)/4 + 1. Let n = 63 + u. Calculate the greatest common factor of n and 6.
3
Suppose -169*p = -167*p - 174. Calculate the highest common divisor of p and 87.
87
Suppose -2*y = -2*a + 240, 0*y - 254 = -2*a - 5*y. What is the greatest common divisor of 549 and a?
61
Suppose -4*m = 3*k - 137, -2*k = 3*k + 25. Suppose 0 = 9*q - m - 43. What is the greatest common divisor of q and 1?
1
Suppose -1672 = -7*m - 37*m. Calculate the greatest common divisor of m and 836.
38
Let q = 2 + 2. Suppose -k - q*k = -245. Suppose 2*x = -4*y + 40, -5*x + 5*y = -2*x - k. What is the greatest common factor of 126 and x?
18
Let h = 719 - 1015. Let g be (-4)/14 - h/7. What is the highest common divisor of 14 and g?
14
Let x(p) = 3*p**2 - 8*p + 7. Let k be x(1). Let f be 4 - (-54 - (k + 3)). Calculate the greatest common divisor of f and 9.
9
Suppose u + 17 + 21 = 0. Let w be u*-4*(-1)/(-2). Let c = w + -54. What is the highest common divisor of 33 and c?
11
Let t = 2468 + -1955. Calculate the highest common divisor of 9 and t.
9
Suppose -3*a + n - 173 = 0, 0*a + 2*a + 92 = -4*n. Let f be (a/(-24))/(2/42). Calculate the highest common divisor of f and 21.
7
Let g be (-36480)/(-135) - 4/18. Let r(t) = -t**3 + 6*t**2 - 2*t + 22. Let x be r(6). Calculate the greatest common factor of g and x.
10
Let r(p) = 3*p**2 + 7*p + 9. Suppose -4*i = -3*i + 4. Let h be r(i). What is the highest common factor of 261 and h?
29
Let n(s) = -3*s. Let c(t) = -t. Suppose 0 = 7*v - 3*v - 28. Let k be c(v). Let b be n(k). What is the highest common factor of 7 and b?
7
Let c(y) = -y**3 - 4*y**2 + 2*y - 6. Let s be c(-5). Suppose 0 = 29*b - 35*b + 432. What is the greatest common factor of s and b?
9
Suppose -3*z = -z - 4. Let r(h) = h**3 - 7*h**2 + 7*h. Let q be r(6). Let p(t) = -2*t + 13. Let x be p(q). What is the greatest common divisor of x and z?
1
Let h(c) be the third derivative of c**5/30 - c**4/24 + c**3/2 - 18*c**2. Let q be h(3). Calculate the highest common divisor of q and 12.
6
Let y = -11 - -17. Let g(z) = 3*z - 19. Let n be g(6). Let u be 24/16 - (n - (-21)/(-6)). What is the greatest common fac